(base 2) in base 14?
2396cb
What is -1553670 (base 8) in base 4?
-1231132320
Convert -12222044 (base 5) to base 3.
-12221200212
What is 269b4 (base 13) in base 4?
101210210
What is a1c (base 15) in base 8?
4345
Convert 3178143 (base 10) to base 12.
1093253
What is -16085834 (base 9) in base 7?
-125145331
Convert -101101011000001101 (base 2) to base 14.
-4ba45
-8378584 (base 9) to base 12
-1601157
-208735 (base 10) to base 16
-32f5f
What is 2a63010 (base 11) in base 13?
1118748
Convert -3407834 (base 10) to base 16.
-33ffda
-1122021113 (base 4) to base 7
-3065333
What is -858d1 (base 16) in base 11?
-343a96
What is b935b6 (base 13) in base 9?
8157453
What is 201021301200 (base 4) in base 11?
49a6573
Convert -400344413 (base 6) to base 15.
-8d4613
Convert 25676370 (base 9) to base 10.
12628044
Convert -25345001 (base 6) to base 12.
-338161
Convert -1770082 (base 10) to base 14.
-341106
What is 48372 (base 10) in base 11?
33385
Convert 3025600 (base 8) to base 7.
6531162
What is 391b63 (base 12) in base 2?
11100100101000111011
What is -12744 (base 9) in base 3?
-102211111
3522220 (base 7) to base 2
1101100000011010110
What is 145302100 (base 6) in base 5?
1240301221
Convert 65297 (base 13) to base 7.
1360661
Convert -1443404324 (base 5) to base 6.
-215200225
Convert 1475a9 (base 13) to base 5.
112030100
-11102001200 (base 3) to base 6
-1505500
Convert 23144 (base 12) to base 13.
18430
Convert -13755b (base 13) to base 7.
-4010546
Convert -622323 (base 12) to base 9.
-2804230
13053445 (base 7) to base 13
3286c6
22130230 (base 4) to base 10
42796
What is 80b8 (base 16) in base 14?
c01a
What is 1100011000100100000 (base 2) in base 12?
176a00
-1d9010 (base 15) to base 8
-5413722
What is 10520 (base 7) in base 9?
3575
2241b9b (base 13) to base 14
1579c12
Convert -a0853 (base 11) to base 16.
-23fec
-45c229 (base 13) to base 5
-410422324
Convert 121042 (base 12) to base 15.
5b822
-32b195b (base 12) to base 14
-140226b
Convert -22102002100 (base 3) to base 13.
-5a474
-aea986 (base 15) to base 9
-16618120
Convert -656030 (base 7) to base 15.
-240bb
Convert -7207a (base 13) to base 11.
-12a649
5672535 (base 9) to base 7
35001206
Convert 613c78 (base 16) to base 9.
12882344
What is 14104400 (base 5) in base 3?
21100000022
Convert -126245 (base 8) to base 15.
-d167
Convert -23622110 (base 7) to base 5.
-1014401134
What is 521214 (base 6) in base 9?
63261
What is -232b9d (base 14) in base 8?
-4445127
What is -1433652 (base 10) in base 2?
-101011110000000110100
331034 (base 8) to base 14
2c700
Convert 2111302302 (base 4) to base 2.
10010101110010110010
-152241 (base 8) to base 10
-54433
123310 (base 9) to base 7
430344
What is -b66aa (base 15) in base 3?
-1002101201221
Convert -25ca25 (base 15) to base 3.
-10102012020122
What is -10020022001 (base 3) in base 12?
-309b4
Convert 4315340 (base 7) to base 5.
113302213
What is -1c76b4 (base 13) in base 14?
-150353
2ad21 (base 16) to base 2
101010110100100001
Convert 9822c (base 16) to base 8.
2301054
Convert -3767a3 (base 16) to base 14.
-6a737d
What is -b53989 (base 14) in base 16?
-5d5b75
-7350731 (base 8) to base 7
-22416365
248225 (base 9) to base 6
3120035
What is -6005740 (base 9) in base 11?
-1890961
What is -1a324 (base 13) in base 14?
-1487a
What is 23e695 (base 15) in base 8?
6436105
-22311421 (base 5) to base 3
-101001020120
Convert -1200103200 (base 4) to base 7.
-3232020
Convert 32461 (base 15) to base 4.
212332000
What is -107944 (base 11) in base 14?
-46705
What is dd2e9 (base 16) in base 10?
905961
11221221100 (base 3) to base 10
97641
141123203 (base 5) to base 7
6102325
4140032 (base 5) to base 8
205056
What is -17aa61 (base 11) in base 15?
-5761a
Convert -16473 (base 16) to base 11.
-62616
Convert -404044 (base 14) to base 2.
-1000001111111010011100
What is 430627 (base 9) in base 2?
111110100110000110
Convert -112112112101 (base 3) to base 8.
-1056714
What is 2021505 (base 6) in base 9?
156085
-1bab31 (base 14) to base 8
-3615527
What is 9906150 (base 10) in base 2?
100101110010011111100110
Convert -2130025 (base 6) to base 11.
-71979
Convert 21737313 (base 8) to base 11.
2721674
1778670 (base 11) to base 14
585da0
Convert 2463366 (base 7) to base 15.
64406
Convert 1011101000010100101 (base 2) to base 16.
5d0a5
Convert -d84a0 (base 14) to base 13.
-153959
What is -231010023 (base 4) in base 9?
-311176
Convert 9654b9 (base 12) to base 2.
1001000011011010001101
What is -5000233 (base 6) in base 11?
-14a378
Convert 12020100224 (base 5) to base 3.
222000200222220
What is -164321252 (base 7) in base 5?
-10333413411
What is -2a3a1a (base 11) in base 9?
-801753
Convert 4794067 (base 10) to base 15.
64a6e7
-10110010100111110 (base 2) to base 5
-10411304
43341301 (base 5) to base 16
5aafb
Convert -2221123020 (base 4) to base 6.
-22512440
-37c8a8 (base 13) to base 15
-1b77e0
What is 83650 (base 12) in base 15?
35e66
What is 2058601 (base 10) in base 5?
1011333401
-153040 (base 9) to base 2
-10110111101111101
What is -1648695 (base 12) in base 16?
-45d5d1
450ce8 (base 15) to base 4
30210011213
Convert -1110000101001 (base 2) to base 13.
-3387
What is -2424212122 (base 5) in base 12?
-1aa7632
Convert -53476 (base 11) to base 7.
-442502
Convert 23d796 (base 16) to base 10.
2348950
What is 1030012122 (base 4) in base 7?
2435523
133212102 (base 4) to base 15
28536
Convert -11000021 (base 4) to base 14.
-7677
What is a9359a (base 16) in base 2?
101010010011010110011010
Convert -1201410 (base 5) to base 2.
-101011001011001
What is 981983 (base 13) in base 8?
15504276
What is -11110200020 (base 3) in base 11?
-60105
What is 13220330333 (base 4) in base 15?
29861b
Convert -22225563 (base 7) to base 5.
-443012210
What is -1010111110111001100 (base 2) in base 16?
-57dcc
Convert 18c7501 (base 13) to base 9.
16311064
What is -1223101302 (base 4) in base 13?
-12500a
Convert -1100214301 (base 5) to base 11.
-1366546
332333022 (base 4) to base 16
3efca
Convert 32741 (base 13) to base 3.
11122020222
Convert -21607 (base 13) to base 3.
-10001202211
Convert 2262434 (base 7) to base 9.
472785
What is 464dc (base 15) in base 16?
36a71
What is 447a3 (base 12) in base 6?
1541123
673407 (base 9) to base 14
a6ab1
What is 960b77 (base 13) in base 8?
15321120
-122102633 (base 7) to base 11
-4365909
Convert 1611120 (base 7) to base 9.
366506
What is -10764540 (base 9) in base 4?
-103333003323
What is 1437a9 (base 11) in base 13?
7b2ac
Convert 20111201221 (base 3) to base 10.
128113
-11201022221 (base 3) to base 10
-92824
Convert -279666 (base 14) to base 3.
-2120122000002
Convert -78c8f (base 16) to base 3.
-221010122112
What is -675275 (base 8) in base 10?
-228029
6335d3 (base 14) to base 4
30302100211
What is -1100001100011111111 (base 2) in base 10?
-399615
16b59b (base 12) to base 2
1011111111110000111
What is -18326 (base 15) in base 8?
-231000
434838 (base 9) to base 7
2130332
5cb4 (base 16) to base 10
23732
Convert -7064c (base 14) to base 15.
-550a6
Convert 1000111110101101101 (base 2) to base 10.
294253
Convert 112200200011 (base 3) to base 5.
33223144
What is 5318847 (base 9) in base 6?
141010324
Convert -33032331 (base 5) to base 10.
-283466
What is -64416 (base 7) in base 12?
-9303
31221331 (base 4) to base 14
16553
What is -110010101010100111 (base 2) in base 9?
-345605
Convert -10024204210 (base 5) to base 2.
-100110000111010000001100
-23526535 (base 7) to base 9
-3836524
What is 103005416 (base 7) in base 9?
12456545
Convert 3075b (base 13) to base 2.
10101001110011110
Convert 24414204 (base 5) to base 16.
38bed
Convert -14703625 (base 8) to base 14.
-63c9b7
Convert -1001101110000110 (base 2) to base 14.
-1071c
What is 144501 (base 7) in base 12?
14279
Convert -113067 (base 10) to base 4.
-123212223
Convert bb3b (base 12) to base 6.
235315
What is 12240432 (base 6) in base 12?
170118
What is 12076 (base 9) in base 14?
2d3a
9559 (base 16) to base 7
216316
Convert -a31d7 (base 14) to base 2.
-1011111111001001001
What is 1060465 (base 7) in base 6?
2500254
20210102301 (base 4) to base 11
12a4345
-b01470 (base 13) to base 11
-2341845
Convert -15761 (base 11) to base 7.
-121516
Convert 11000111111000000100 (base 2) to base 6.
25314124
Convert 30105 (base 11) to base 5.
2402144
What is 310032311123 (base 4) in base 12?